e u(b). Calculate the highest common factor of l and 120.
24
Suppose -390 = -10*a + 130. Let h = 63 - a. Let o = 79 + h. Calculate the highest common divisor of o and 9.
9
Let k = -28 - -30. Let s(f) = -4*f - 19 + 6*f - 3 + 5*f + f**k. Let w be s(-11). Calculate the highest common factor of 11 and w.
11
Suppose 4 = -a - a + 5*x, -4*a = -4*x - 16. Suppose 2*k - i - 246 = i, 5*k - i = 635. Calculate the highest common divisor of k and a.
8
Let w = -5235 - -5253. Let c(n) = -47*n**3 + n**2 + 4*n. Let i be c(-3). Let o be (-2)/6 + i/w. What is the highest common divisor of o and 7?
7
Let f be 8984/48 - (-10)/(-60). Let x be ((-5)/2 - -3)*84. Suppose 13 = 5*l - x. What is the highest common divisor of l and f?
11
Let o(a) be the second derivative of -7/6*a**3 + 0 - 3/2*a**2 - 1/12*a**4 - 11*a. Let b be o(-4). Calculate the greatest common divisor of 99 and b.
9
Let s = -7031 + 8340. Calculate the highest common divisor of s and 924.
77
Let q be (2820/6)/((-3)/(-4) - 765/1116). What is the highest common factor of q and 62?
31
Let r(m) = -118*m + 203. Let i be r(-13). Calculate the greatest common divisor of i and 27.
9
Let c = 119 - 31. Suppose -l + 134 - c = 0. Let o(v) = 69*v. Let w be o(2). What is the highest common divisor of l and w?
46
Let z(p) = p**3 - 8*p**2 - 11*p + 98. Let b be z(6). Let i be b/12*-32*3. What is the greatest common factor of i and 10?
10
Let h be 3/6 + ((-675)/(-6))/(-9). Let a be (-7 - -41)*h/(-8). Calculate the greatest common divisor of a and 34.
17
Let h be (-38 - -41)/(2*(-2)/(-12)). Let d(c) = 20*c - 117. Let z be d(h). Let f be 3/6 - 17/(-2). Calculate the greatest common divisor of f and z.
9
Suppose 391*r - 21 = 388*r. What is the highest common divisor of r and 5327?
7
Let v(l) = -95*l - 84. Let h(a) = 31*a + 28. Let o(t) = -7*h(t) - 2*v(t). Let i be o(-4). What is the highest common factor of 70 and i?
10
Suppose f + 2082 = -24*j + 20*j, -2*f = 4*j + 2080. Let h = 536 + j. Calculate the highest common factor of h and 15.
15
Suppose 5*j + h - 803 = 0, j - h + 36 = 199. Let f = 297 - 203. Suppose 5*s - j = -l, -3*s + 4*l = 2*l - f. Calculate the greatest common factor of 32 and s.
32
Suppose 3970 + 12097 = 47*t - 3015. Calculate the greatest common divisor of 112 and t.
14
Suppose g + 3*g + 44 = 4*w, 20 = -5*g. Suppose 3*r - 764 = -w*z + 6*z, -3*r = 5*z - 3832. Calculate the highest common factor of 13 and z.
13
Suppose 4*r = -j + 14, -5*j + 4*j = -4*r + 2. Let f be (144/5)/(j/30). What is the highest common factor of 27 and f?
9
Let f be (-2 - (-8)/5) + (-837)/(-155). Suppose f*m = 7*m - 416. Calculate the highest common factor of 16 and m.
16
Let k = -5102 - -15490. Calculate the greatest common factor of 392 and k.
196
Let u(p) = -p**2 + 15*p + 13. Let k be u(16). Let n be k/1 - (-7 - 34 - 2). What is the greatest common factor of 40 and n?
40
Let a be -1*(-124)/93*(-594)/(-4). Suppose 0*v - 4*g + 36 = 2*v, 4*v - 72 = -4*g. Calculate the greatest common divisor of a and v.
18
Suppose 0 = 4*a + 8*o - 4*o + 128, -5*o - 76 = 2*a. Let y = 588 - a. Calculate the greatest common factor of y and 77.
77
Suppose -u = -r - 25, 44 = 2*u - r - 12. Calculate the greatest common factor of 2697 and u.
31
Let k = 42 + 62. Let y be ((-13)/2)/((0 + 2)/(-4)). What is the greatest common factor of k and y?
13
Suppose 2*b = 3*d + 2*d + 413, 630 = 3*b + 3*d. Let w = -17 - -28. What is the highest common divisor of w and b?
11
Let v = -49 + 51. Suppose -8*s + 150 = -v*s. Suppose l - s = -4*y, -3*y = -0*l - 5*l + 79. Calculate the highest common divisor of l and 17.
17
Let w = -547 + 552. Suppose 4*l = 3*a + 3763, 4*l - 2739 = w*a + 1026. What is the highest common divisor of l and 20?
20
Suppose -2*g - s = -6*s - 52, -3*g - 3*s = -36. Suppose -21*o = -g*o - 35. Calculate the highest common factor of 35 and o.
7
Let j = -3729 - -4101. Calculate the highest common divisor of j and 2108.
124
Let t = 131 - 126. Suppose 762 = 4*y - 246. Suppose 3*v - t*v = -2*x + y, -126 = -x + 5*v. What is the greatest common divisor of 14 and x?
14
Suppose -16 = -6*z - 58. Let a(i) = -15 - 3*i + i**3 - 2*i - 3*i + 6*i**2 - 2*i. Let p be a(z). Calculate the greatest common divisor of 15 and p.
3
Let h = 969 - 962. Let f be ((-6)/(-4))/(4/8). Suppose 4*l - 2*w - 267 = -7*w, 0 = w - f. What is the greatest common factor of l and h?
7
Let p(q) = 15*q**2 - 10*q + 4. Let j(b) = 29*b**2 - 18*b + 7. Let i(m) = 3*j(m) - 5*p(m). Let r be i(2). Calculate the greatest common divisor of 1 and r.
1
Let d = -6 - -8. Let o = -21417 + 21443. What is the greatest common divisor of o and d?
2
Let x = -23810 - -25450. Calculate the greatest common factor of x and 500.
20
Suppose 14*k = 12*k + 96. Suppose -21*p + 112 = -18*p - z, 5*p - 168 = -3*z. Calculate the highest common divisor of k and p.
12
Let g = 8746 + -8570. What is the highest common factor of g and 296?
8
Let l = 178428 - 178406. Suppose -m - 13 = 4*v, -4*v - 3*m - 10 = 5. Let b be v/(3/(-2)) - -9. What is the highest common divisor of l and b?
11
Let n be ((-10)/(-6))/(1940/(-150) + 13). Let w(d) = 3*d**2 + 13*d + 5. Let g be w(14). Calculate the highest common factor of n and g.
25
Let o be (10/6)/(1/(-18) - 0). Let n be 5/o + (-109)/(-6). Let h be (-4)/(-18) - (-716)/n. Calculate the greatest common factor of 5 and h.
5
Let j(b) = 1697*b - 9672. Let f be j(6). Calculate the greatest common divisor of 340 and f.
170
Suppose -2*g + 16 = 2*c, 0 = 5*c - 5 - 15. Let x be g + (-51)/(-3) - 6. Calculate the greatest common divisor of x and 480.
15
Suppose -5*s - 4*b + 12682 = 0, 4*s + 26*b = -1939 + 12039. What is the highest common divisor of s and 864?
54
Let n = -2040 - -3855. What is the greatest common divisor of n and 66?
33
Let w(j) = j**3 - 51*j**2 + 50*j + 23. Let v be w(50). What is the greatest common factor of v and 23?
23
Suppose 77*z - 901 = 3257. What is the greatest common divisor of z and 90?
18
Let g be (-4)/(-14) + (-372)/(-21). Let i be -27*((-1008)/(-64) + (-2)/(-8)). Let d be (i/15)/(12/(-30)). Calculate the highest common divisor of d and g.
18
Let t(w) = -w**3 + 23*w**2 + 3*w + 8. Let n be t(23). Suppose -162 + 96 = -3*s. Calculate the greatest common factor of n and s.
11
Suppose 3*l - 4*w - 70 = 14, -5*w + 105 = 5*l. Suppose l = s + 5*t - 47, -2*t = 8. What is the greatest common divisor of s and 1183?
91
Let c = -5595 - -5739. Calculate the greatest common factor of 480 and c.
48
Let b(g) = -g - 4. Let v be b(-4). Let s(y) = -y**2 - 9*y - 5. Let c be s(-7). Let r = c + v. What is the highest common factor of r and 1?
1
Suppose -4*w = -4*n + 7 + 17, -3*w - 26 = -5*n. Suppose -80 = -y - 3*y. What is the greatest common divisor of n and y?
4
Suppose -9*i = -5*q - 10*i + 4, i - 4 = -2*q. Suppose q = -42*m + 36*m + 522. Calculate the highest common divisor of 116 and m.
29
Let p be (-22)/(-33) + 6/(-27)*3. Suppose 25*l - 4*l - 5376 = p. Calculate the greatest common factor of l and 16.
16
Let g(o) = 18*o**2 - 3*o + 2. Let u be g(2). Let k(i) = -i**2 + 17*i + 35. Let d be k(12). Let f = d - u. Calculate the greatest common factor of 135 and f.
27
Let q(j) = -3*j - 2 + 0*j**2 - j**2 - 4*j**2 + 4*j**2 - 3*j**3. Let s be q(-1). Let n = 16 - s. Calculate the highest common divisor of 1 and n.
1
Suppose 0 = -22*j - 1338 + 10798. Calculate the greatest common divisor of j and 172.
86
Let d(f) = f**2 + 14*f + 45. Let c be d(-4). Let z be 6/c*(632/16 - -3). Calculate the greatest common divisor of z and 119.
17
Let o = 5546 - 5392. Calculate the highest common factor of 350 and o.
14
Suppose 106*o = 21672 + 22848. What is the greatest common factor of 273 and o?
21
Suppose -798 = -48*b + 51*b. Let j = 125 - b. What is the highest common factor of j and 17?
17
Let z be 9/5 + 17/85 - 27463/(-29). What is the highest common divisor of 533 and z?
13
Suppose 16*p - 605 = 35. Let y = p + 1. What is the highest common divisor of 451 and y?
41
Suppose 0*i = -5*i + 25. Let y(q) = 6*q + 10. Let u be y(i). Let r be (0 - 1)*60/(-20) + 97. What is the greatest common factor of r and u?
20
Suppose -185 = 4*t + 5*l - 775, 5*l = -t + 140. What is the greatest common factor of 96 and t?
6
Let l(p) = -29*p + 1364. Let z be l(0). What is the highest common divisor of 5797 and z?
341
Let h = -5061 - -5071. What is 